59 a prime number?
True
Is 129681583 composite?
False
Is 779928727 composite?
False
Is 7283593873 prime?
True
Is 61573670351 a composite number?
False
Is 2518827523 composite?
False
Is 1064499853 a composite number?
True
Is 62953823557 a prime number?
False
Is 25449784001 prime?
True
Is 752961019 composite?
True
Is 582088327 a prime number?
False
Is 382885469 a prime number?
True
Is 550312111 a composite number?
True
Is 17701384529 prime?
False
Is 6219280607 a prime number?
True
Is 1579745463 composite?
True
Is 31572355121 a composite number?
False
Is 3969263021 composite?
False
Is 1527927673 prime?
True
Is 479385169759 prime?
False
Is 173219231 a composite number?
False
Is 14945110667 prime?
True
Is 9611236517 prime?
True
Is 72342373 composite?
False
Is 4249489523 prime?
True
Is 438685771 composite?
False
Is 135218453 prime?
True
Is 9881162267 prime?
True
Is 3459741427 a prime number?
True
Is 3432181777 composite?
False
Is 527063245 prime?
False
Is 30720615797 a composite number?
True
Is 621203893 a composite number?
False
Is 20449008673 a composite number?
True
Is 1321084291 a prime number?
False
Is 943773247 prime?
False
Is 26805427001 a prime number?
False
Is 4041929711 composite?
True
Is 33112751989 a composite number?
True
Is 149913317 prime?
True
Is 27382648717 composite?
False
Is 870913033 a prime number?
False
Is 16811231849 composite?
False
Is 284407657 a prime number?
True
Is 1383791657 a prime number?
True
Is 25094455759 a composite number?
False
Is 17553047801 composite?
False
Is 681240029 prime?
False
Is 1811774563 prime?
True
Is 3618859549 a prime number?
True
Is 8795634871 prime?
True
Is 42535777729 composite?
True
Is 483811319 prime?
True
Is 5356561139 prime?
True
Is 378659881583 a prime number?
True
Is 277305269947 prime?
True
Is 2529425093 prime?
False
Is 1666267079 a composite number?
False
Is 1080220135 a composite number?
True
Is 699227849 a composite number?
False
Is 1768819781 a prime number?
False
Is 251896252373 a prime number?
True
Is 2430906371 a prime number?
True
Is 16058707787 a composite number?
False
Is 15763515961 prime?
False
Is 1520501 a composite number?
False
Is 19827441589 composite?
False
Is 317563973 composite?
False
Is 2952620137 prime?
True
Is 15889757847 a prime number?
False
Is 758395879 a prime number?
False
Is 1295016923 a prime number?
False
Is 552157439 prime?
True
Is 6233025659 a composite number?
True
Is 10694269049 prime?
True
Is 23492608211 prime?
False
Is 1470000991 prime?
True
Is 28791364337 prime?
False
Is 1588935031 a composite number?
False
Is 3449117734 prime?
False
Is 8004773303 a composite number?
False
Is 36530015653 a composite number?
True
Is 2013708849 composite?
True
Is 54805649447 composite?
False
Is 63346916851 composite?
False
Is 261104113979 a prime number?
False
Is 6446517167 a prime number?
False
Is 17032302139 composite?
False
Is 2791017037 a composite number?
False
Is 34912787873 prime?
False
Is 729214529 a prime number?
True
Is 6658463293 prime?
True
Is 29212006151 prime?
False
Is 6364862639 a composite number?
False
Is 195754267 prime?
True
Is 137615478863 a prime number?
True
Is 202253006377 prime?
True
Is 324667529 a prime number?
False
Is 535673081 a composite number?
False
Is 7410668453 composite?
True
Is 2495030761 prime?
False
Is 2159500919 a prime number?
False
Is 4334039869 a prime number?
False
Is 738984629 prime?
True
Is 17548042769 composite?
False
Is 640958629 prime?
True
Is 5682241583 a prime number?
False
Is 1731652991 prime?
True
Is 26285609543 a composite number?
False
Is 6148495141 a prime number?
False
Is 18815578451 a prime number?
True
Is 11695206671 a prime number?
False
Is 28571504009 a prime number?
True
Is 87462083 prime?
True
Is 1455082099 a prime number?
True
Is 34841121859 prime?
False
Is 16706621 a composite number?
True
Is 7931677618 prime?
False
Is 797810731 a composite number?
True
Is 8190270317 a composite number?
True
Is 1350232607 a prime number?
True
Is 69201401105 composite?
True
Is 3278692621 prime?
False
Is 113606221 prime?
True
Is 12386786207 prime?
True
Is 217027199 a prime number?
True
Is 57549885317 composite?
False
Is 9219603157 composite?
False
Is 10342585199 a prime number?
True
Is 22428908867 prime?
True
Is 2671986491 composite?
False
Is 16525755329 a composite number?
True
Is 20511925831 composite?
True
Is 783938359 composite?
True
Is 17560876705 a prime number?
False
Is 57900289 a prime number?
True
Is 95400871 composite?
True
Is 1408177579 a composite number?
False
Is 21974558293 composite?
True
Is 12563488537 a prime number?
True
Is 290423537 a composite number?
False
Is 8287692059 composite?
False
Is 123472069 a composite number?
True
Is 12008049199 a prime number?
True
Is 91918111 a composite number?
True
Is 103819757 a prime number?
False
Is 19490546 composite?
True
Is 2340813983 composite?
True
Is 20246932489 a composite number?
True
Is 16329977347 prime?
False
Is 536446051 a prime number?
False
Is 4012873721 prime?
True
Is 85335233 prime?
False
Is 5057978171 a prime number?
False
Is 775957879 a composite number?
True
Is 545231 composite?
False
Is 1997473091 a prime number?
False
Is 1002581843 prime?
False
Is 207720431 prime?
True
Is 196576087 a composite number?
True
Is 2359857662 prime?
False
Is 4752834509 a prime number?
True
Is 348153445 prime?
False
Is 3447801247 a prime number?
False
Is 1233275621 a composite number?
False
Is 40513550393 prime?
True
Is 10969794349 composite?
False
Is 15234146227 a composite number?
False
Is 259526237 a composite number?
False
Is 143650313 prime?
False
Is 41288093617 a prime number?
True
Is 5094660523 a prime number?
False
Is 6279242933 prime?
True
Is 22857911422 a composite number?
True
Is 44148418661 a prime number?
False
Is 70683197 prime?
False
Is 428476831241 a composite number?
False
Is 1795458727 a composite number?
False
Is 4931180651 a prime number?
True
Is 10055712533 composite?
True
Is 5753272813 a prime number?
True
Is 324117611 composite?
False
Is 18481507751 a composite number?
True
Is 1512608509 a prime number?
False
Is 9535993 a prime number?
False
Is 1098369059 composite?
False
Is 25995595649 prime?
True
Is 199438979 prime?
False
Is 15415839071 a prime number?
False
Is 4463977393 a composite number?
False
Is 933312343 prime?
False
Is 17023250641 prime?
True
Is 26384754493 composite?
True
Is 2517843661 prime?
False
Is 17076830567 composite?
False
Is 150580630673 a composite number?
True
Is 3016547437 composite?
False
Is 1244677879 prime?
True
Is 187503623 a composite number?
True
Is 92262574687 composite?
False
Is 1965494782 a prime number?
False
Is 2981264417 composite?
True
Is 7667347483 a composite number?
True
Is 12485500303 composite?
True
Is 145467811 prime?
True
Is 10506511901 prime?
True
Is 7024062697 composite?
True
Is 10777692763 composite?
False
Is 23902411406 a prime number?
False
Is 29699500373 a prime number?
False
Is 20322272891 prime?
False
Is 510597713 a composite number?
False
Is 129256355243 prime?
False
Is 246367439 composite?
False
Is 266921117 composite?
False
Is 2816205891 a prime number?
False
Is 1935141343 prime?
True
Is 4007190413 composite?
True
Is 7376428123 a prime number?
True
Is 3070027403 prime?
True
Is 4293483383 a composite number?
True
Is 71369963237 a prime number?
True
Is 3391606787 a composite number?
True
Is 51968257063 prime?
True
Is 199047123533 a composite number?
True
Is 73801764373 a prime number?
True
Is 37038703991 a composite number?
False
Is 4378861099 a composite number?
True
Is 557045400919 a composite number?
True
Is 15723317041 prime?
False
Is 6220272593 a prime number?
True
Is 56911520621 prime?
True
Is 2221100221 composite?
False
Is 18989660653 composite?
True
Is 1626714797 a composite number?
False
Is 34396403987 composite?
True
Is 38262563965 a prime number?
False
Is 474280589 prime?
False
Is 24070923791 composite?
True
Is 4858045469 a composite number?
False
Is 55608246703 composite?
True
Is 4800174751 a composite number?
True
Is 15223885021 a prime number?
False
Is 540438863 composite?
False
Is 1507717207 a composite number?
False
Is 1178863243 a composite number?
False
Is 1609839067 a prime number?
True
Is 107031240703 prime?
False
Is 8712674627 composite?
True
Is 446657279 a composite number?
True
